{"id":3516,"date":"2024-10-17T07:12:25","date_gmt":"2024-10-17T05:12:25","guid":{"rendered":"https:\/\/www.therapie-online-und-vor-ort.de\/muenchen\/?page_id=3516"},"modified":"2025-01-16T23:41:35","modified_gmt":"2025-01-16T22:41:35","slug":"das-beziehungsrad-die-verschiedenen-beziehungsbereiche","status":"publish","type":"page","link":"https:\/\/www.therapie-online-und-vor-ort.de\/muenchen\/das-beziehungsrad-die-verschiedenen-beziehungsbereiche\/","title":{"rendered":"Das Beziehungsrad \u2013 die verschiedenen Beziehungsbereiche \u2013 Reflexionsfragen"},"content":{"rendered":"\t\t<div data-elementor-type=\"wp-page\" data-elementor-id=\"3516\" class=\"elementor elementor-3516\">\n\t\t\t\t<div class=\"elementor-element elementor-element-43c9a59 e-flex e-con-boxed e-con e-parent\" data-id=\"43c9a59\" data-element_type=\"container\" data-e-type=\"container\">\n\t\t\t\t\t<div class=\"e-con-inner\">\n\t\t\t\t<div class=\"elementor-element elementor-element-ae6206f elementor-widget elementor-widget-text-editor\" data-id=\"ae6206f\" data-element_type=\"widget\" data-e-type=\"widget\" data-widget_type=\"text-editor.default\">\n\t\t\t\t<div class=\"elementor-widget-container\">\n\t\t\t\t\t\t\t\t\t<p>Das Beziehungsrad ist ein hilfreiches Werkzeug, um verschiedene zentrale Bereiche einer Partnerschaft zu reflektieren und zu bewerten. Oft nehmen wir bestimmte Aspekte einer Beziehung als selbstverst\u00e4ndlich hin oder sind uns nicht bewusst, wie stark sie unser Wohlbefinden und unsere Zufriedenheit beeinflussen. Durch das bewusste Reflektieren und Einordnen der verschiedenen Beziehungsbereiche auf einer Skala von 1 (gar nicht erf\u00fcllt) bis 10 (max. erf\u00fcllt) k\u00f6nnen wir nicht nur unsere eigene Zufriedenheit hinterfragen, sondern auch erkennen, wo Verbesserungen notwendig sind.<br \/><br \/>1_________________________________________________10<\/p>\t\t\t\t\t\t\t\t<\/div>\n\t\t\t\t<\/div>\n\t\t\t\t\t<\/div>\n\t\t\t\t<\/div>\n\t\t<div class=\"elementor-element elementor-element-574bfe4e e-flex e-con-boxed e-con e-parent\" data-id=\"574bfe4e\" data-element_type=\"container\" data-e-type=\"container\">\n\t\t\t\t\t<div class=\"e-con-inner\">\n\t\t<div class=\"elementor-element elementor-element-29194a1e e-con-full e-flex e-con e-child\" data-id=\"29194a1e\" data-element_type=\"container\" data-e-type=\"container\">\n\t\t\t\t<div class=\"elementor-element elementor-element-66b3e2cb elementor-widget elementor-widget-text-editor\" data-id=\"66b3e2cb\" data-element_type=\"widget\" data-e-type=\"widget\" data-widget_type=\"text-editor.default\">\n\t\t\t\t<div class=\"elementor-widget-container\">\n\t\t\t\t\t\t\t\t\t<h2>Das Beziehungsrad \u2013 Reflexionsfragen auf einer Skala von 1 (wenig erf\u00fcllt) bis 10 (maximal erf\u00fcllt)<\/h2><p>In diesem Text lade ich dich ein, dich mit acht wesentlichen Bereichen deiner Beziehung auseinanderzusetzen. Nimm dir Zeit, um ehrlich zu reflektieren, wie erf\u00fcllt du dich in jedem dieser Bereiche f\u00fchlst, und \u00fcberlege, was du und dein Partner m\u00f6glicherweise ver\u00e4ndern k\u00f6nntet, um eure Beziehung zu st\u00e4rken.<\/p>\t\t\t\t\t\t\t\t<\/div>\n\t\t\t\t<\/div>\n\t\t\t\t<div class=\"elementor-element elementor-element-1fab4053 elementor-widget elementor-widget-button\" data-id=\"1fab4053\" data-element_type=\"widget\" data-e-type=\"widget\" data-widget_type=\"button.default\">\n\t\t\t\t<div class=\"elementor-widget-container\">\n\t\t\t\t\t\t\t\t\t<div class=\"elementor-button-wrapper\">\n\t\t\t\t\t<a class=\"elementor-button elementor-button-link elementor-size-lg\" href=\"\/muenchen\/kontakt\/\">\n\t\t\t\t\t\t<span class=\"elementor-button-content-wrapper\">\n\t\t\t\t\t\t\t\t\t<span class=\"elementor-button-text\">Kostenlose Erstberatung jetzt buchen!<\/span>\n\t\t\t\t\t<\/span>\n\t\t\t\t\t<\/a>\n\t\t\t\t<\/div>\n\t\t\t\t\t\t\t\t<\/div>\n\t\t\t\t<\/div>\n\t\t\t\t<\/div>\n\t\t<div class=\"elementor-element elementor-element-1f8bcb40 e-con-full e-flex e-con e-child\" data-id=\"1f8bcb40\" data-element_type=\"container\" data-e-type=\"container\">\n\t\t\t\t<div class=\"elementor-element elementor-element-3a30b6b4 elementor-widget elementor-widget-text-editor\" data-id=\"3a30b6b4\" data-element_type=\"widget\" data-e-type=\"widget\" data-widget_type=\"text-editor.default\">\n\t\t\t\t<div class=\"elementor-widget-container\">\n\t\t\t\t\t\t\t\t\t<img fetchpriority=\"high\" decoding=\"async\" class=\"alignnone size-full wp-image-3523\" src=\"https:\/\/www.therapie-online-und-vor-ort.de\/muenchen\/wp-content\/uploads\/2024\/10\/beziehungsrad-die-verschiedenen-beziehungsbereiche.webp\" alt=\"Beziehungsrad - die verschiedenen Beziehungsbereiche \" width=\"1024\" height=\"1024\" srcset=\"https:\/\/www.therapie-online-und-vor-ort.de\/muenchen\/wp-content\/uploads\/2024\/10\/beziehungsrad-die-verschiedenen-beziehungsbereiche.webp 1024w, https:\/\/www.therapie-online-und-vor-ort.de\/muenchen\/wp-content\/uploads\/2024\/10\/beziehungsrad-die-verschiedenen-beziehungsbereiche-300x300.webp 300w, https:\/\/www.therapie-online-und-vor-ort.de\/muenchen\/wp-content\/uploads\/2024\/10\/beziehungsrad-die-verschiedenen-beziehungsbereiche-150x150.webp 150w, https:\/\/www.therapie-online-und-vor-ort.de\/muenchen\/wp-content\/uploads\/2024\/10\/beziehungsrad-die-verschiedenen-beziehungsbereiche-768x768.webp 768w, https:\/\/www.therapie-online-und-vor-ort.de\/muenchen\/wp-content\/uploads\/2024\/10\/beziehungsrad-die-verschiedenen-beziehungsbereiche-125x125.webp 125w, https:\/\/www.therapie-online-und-vor-ort.de\/muenchen\/wp-content\/uploads\/2024\/10\/beziehungsrad-die-verschiedenen-beziehungsbereiche-700x700.webp 700w, https:\/\/www.therapie-online-und-vor-ort.de\/muenchen\/wp-content\/uploads\/2024\/10\/beziehungsrad-die-verschiedenen-beziehungsbereiche-50x50.webp 50w\" sizes=\"(max-width: 1024px) 100vw, 1024px\" \/>\t\t\t\t\t\t\t\t<\/div>\n\t\t\t\t<\/div>\n\t\t\t\t<\/div>\n\t\t\t\t\t<\/div>\n\t\t\t\t<\/div>\n\t\t<div class=\"elementor-element elementor-element-00f0143 e-flex e-con-boxed e-con e-parent\" data-id=\"00f0143\" data-element_type=\"container\" data-e-type=\"container\">\n\t\t\t\t\t<div class=\"e-con-inner\">\n\t\t\t\t<div class=\"elementor-element elementor-element-11eb996 elementor-widget elementor-widget-text-editor\" data-id=\"11eb996\" data-element_type=\"widget\" data-e-type=\"widget\" data-widget_type=\"text-editor.default\">\n\t\t\t\t<div class=\"elementor-widget-container\">\n\t\t\t\t\t\t\t\t\t<h2>1. Kommunikation<\/h2>\n<p>Kommunikation ist das Fundament jeder Beziehung. Wie gut gelingt es euch, offen und ehrlich miteinander zu sprechen? F\u00fchlst du dich verstanden, und hast du das Gef\u00fchl, dein Partner h\u00f6rt dir wirklich zu? Reflektiere, wie zufrieden du mit der Qualit\u00e4t eurer Gespr\u00e4che bist. Eine gesunde Kommunikation ist nicht nur wichtig, um Missverst\u00e4ndnisse zu vermeiden, sondern auch, um emotionale N\u00e4he aufzubauen.<\/p>\n<p><strong>Reflexionsfrage:<\/strong> Auf einer Skala von 1 bis 10, wie erf\u00fcllt f\u00fchlst du dich in Bezug auf eure Kommunikation?<\/p>\n\n<h2>2. Konflikte und Streitkultur<\/h2>\n<p>Konflikte sind ein nat\u00fcrlicher Bestandteil jeder Beziehung, doch wie ihr mit diesen umgeht, entscheidet \u00fcber das Wachstum oder die Belastung der Partnerschaft. Ist eure Streitkultur von Respekt und dem Willen zur L\u00f6sung gepr\u00e4gt, oder f\u00fchrt sie zu wiederkehrenden Spannungen?<\/p>\n<p><strong>Reflexionsfrage:<\/strong> Wie zufrieden bist du mit der Art und Weise, wie ihr Konflikte l\u00f6st?<\/p>\n\n<h2>3. Vertrauen und Eifersucht<\/h2>\n<p>Vertrauen bildet die Basis f\u00fcr Sicherheit und Stabilit\u00e4t in der Beziehung. Sp\u00fcrst du ein tiefes Vertrauen in die Worte und Handlungen deines Partners? Oder schleicht sich oft Unsicherheit oder Eifersucht ein? Vertrauen entsteht \u00fcber Zeit, und Eifersucht kann die Beziehung belasten, wenn sie nicht offen besprochen wird.<\/p>\n<p><strong>Reflexionsfrage:<\/strong> Auf einer Skala von 1 bis 10, wie stark ist dein Vertrauen in deinen Partner?<\/p>\n\n<h2>4. Sexualit\u00e4t und Intimit\u00e4t<\/h2>\n<p>Sexualit\u00e4t und Intimit\u00e4t sind wichtige S\u00e4ulen einer erf\u00fcllenden Partnerschaft. Dabei geht es nicht nur um die H\u00e4ufigkeit, sondern vor allem um die emotionale Verbindung und das gegenseitige Verst\u00e4ndnis der Bed\u00fcrfnisse. F\u00fchlst du dich in diesem Bereich erf\u00fcllt und in deiner Sexualit\u00e4t angenommen?<\/p>\n<p><strong>Reflexionsfrage:<\/strong> Wie zufrieden bist du mit der Qualit\u00e4t eures Sexuallebens?<\/p>\n\n<h2>5. Akzeptanz und Respekt<\/h2>\n<p>In einer gesunden Beziehung geht es darum, den Partner so anzunehmen, wie er oder sie ist \u2013 mit all den St\u00e4rken und Schw\u00e4chen. Respekt und Akzeptanz bedeuten, dass du deinem Partner Raum gibst, er oder sie selbst zu sein, ohne den Wunsch, diese Person zu ver\u00e4ndern.<\/p>\n<p><strong>Reflexionsfrage:<\/strong> Wie gut gelingt es dir, deinen Partner so zu akzeptieren, wie er oder sie ist?<\/p>\n\n<h2>6. Wahrnehmung und Aufmerksamkeit<\/h2>\n<p>F\u00fchlst du dich in deiner Beziehung wirklich gesehen und geh\u00f6rt? Schenkt dein Partner dir die Aufmerksamkeit, die du brauchst? Und umgekehrt: Bist du achtsam und nimmst die Bed\u00fcrfnisse deines Partners wahr? Oft sind es die kleinen Gesten und das bewusste Zuh\u00f6ren, die zeigen, dass wir uns gegenseitig wichtig sind.<\/p>\n<p><strong>Reflexionsfrage:<\/strong> Auf einer Skala von 1 bis 10, wie gesehen und geh\u00f6rt f\u00fchlst du dich in deiner Beziehung?<\/p>\n\n<h2>7. Alltag und Begegnung<\/h2>\n<p>Wie gestaltet ihr euren Alltag gemeinsam? Ist er gepr\u00e4gt von routinierten Abl\u00e4ufen, oder findet ihr Wege, die Beziehung lebendig zu halten? Manchmal kann es im hektischen Alltag schwierig sein, echte Begegnungen zu schaffen, doch genau diese Momente sind entscheidend, um die Verbindung zu pflegen.<\/p>\n<p><strong>Reflexionsfrage:<\/strong> Wie zufrieden bist du mit der Gestaltung eures gemeinsamen Alltags?<\/p>\n\n<h2>8. Zeit und Gemeinsamkeit<\/h2>\n<p>Die Zeit, die ihr als Paar verbringt, hat einen direkten Einfluss auf die Qualit\u00e4t eurer Beziehung. Findet ihr regelm\u00e4\u00dfig Momente, in denen ihr euch wirklich miteinander verbindet, sei es durch Gespr\u00e4che, gemeinsame Aktivit\u00e4ten oder einfach nur durch das Zusammensein? Ist die Balance zwischen gemeinsamer und individueller Zeit f\u00fcr euch beide stimmig?<\/p>\n<p><strong>Reflexionsfrage:<\/strong> Wie zufrieden bist du mit der Quantit\u00e4t und Qualit\u00e4t der gemeinsamen Zeit?<\/p>\n\n<h3>Fazit:<\/h3>\n<p>Das Beziehungsrad bietet eine wertvolle Gelegenheit, tief in die verschiedenen Aspekte deiner Beziehung einzutauchen und herauszufinden, wie erf\u00fcllt du dich in jedem Bereich f\u00fchlst. Diese Reflexion hilft dir nicht nur, m\u00f6gliche Problemfelder zu identifizieren, sondern gibt dir auch die M\u00f6glichkeit, gezielt an der St\u00e4rkung eurer Partnerschaft zu arbeiten. Jede Beziehung entwickelt sich weiter, und indem ihr euch gegenseitig immer wieder bewusst Raum und Aufmerksamkeit schenkt, k\u00f6nnt ihr wachsen und euch n\u00e4herkommen.<\/p>\n\t\t\t\t\t\t\t\t<\/div>\n\t\t\t\t<\/div>\n\t\t\t\t\t<\/div>\n\t\t\t\t<\/div>\n\t\t<div class=\"elementor-element elementor-element-12614d9a e-flex e-con-boxed e-con e-parent\" data-id=\"12614d9a\" data-element_type=\"container\" data-e-type=\"container\">\n\t\t\t\t\t<div class=\"e-con-inner\">\n\t\t\t\t<div class=\"elementor-element elementor-element-2b29fea9 elementor-widget elementor-widget-button\" data-id=\"2b29fea9\" data-element_type=\"widget\" data-e-type=\"widget\" data-widget_type=\"button.default\">\n\t\t\t\t<div class=\"elementor-widget-container\">\n\t\t\t\t\t\t\t\t\t<div class=\"elementor-button-wrapper\">\n\t\t\t\t\t<a class=\"elementor-button elementor-button-link elementor-size-lg\" href=\"\/muenchen\/kontakt\/\">\n\t\t\t\t\t\t<span class=\"elementor-button-content-wrapper\">\n\t\t\t\t\t\t\t\t\t<span class=\"elementor-button-text\">Kostenlose Erstberatung jetzt buchen!<\/span>\n\t\t\t\t\t<\/span>\n\t\t\t\t\t<\/a>\n\t\t\t\t<\/div>\n\t\t\t\t\t\t\t\t<\/div>\n\t\t\t\t<\/div>\n\t\t\t\t\t<\/div>\n\t\t\t\t<\/div>\n\t\t<div class=\"elementor-element elementor-element-969b352 e-grid e-con-boxed e-con e-parent\" data-id=\"969b352\" data-element_type=\"container\" data-e-type=\"container\">\n\t\t\t\t\t<div class=\"e-con-inner\">\n\t\t\t\t<div class=\"elementor-element elementor-element-c77d51f elementor-widget elementor-widget-video\" data-id=\"c77d51f\" data-element_type=\"widget\" data-e-type=\"widget\" data-settings=\"{&quot;youtube_url&quot;:&quot;https:\\\/\\\/youtu.be\\\/loEk88ngITA?si=NqEm-ocwVBxOegrG&quot;,&quot;video_type&quot;:&quot;youtube&quot;,&quot;controls&quot;:&quot;yes&quot;}\" data-widget_type=\"video.default\">\n\t\t\t\t<div class=\"elementor-widget-container\">\n\t\t\t\t\t\t\t<div class=\"elementor-wrapper elementor-open-inline\">\n\t\t\t<div class=\"elementor-video\"><\/div>\t\t<\/div>\n\t\t\t\t\t\t<\/div>\n\t\t\t\t<\/div>\n\t\t\t\t<div class=\"elementor-element elementor-element-980b6f9 elementor-widget elementor-widget-video\" data-id=\"980b6f9\" data-element_type=\"widget\" data-e-type=\"widget\" data-settings=\"{&quot;youtube_url&quot;:&quot;https:\\\/\\\/youtu.be\\\/uNTk_7yrEG8?si=xxP_0Feo4Hl0KKSk&quot;,&quot;video_type&quot;:&quot;youtube&quot;,&quot;controls&quot;:&quot;yes&quot;}\" data-widget_type=\"video.default\">\n\t\t\t\t<div class=\"elementor-widget-container\">\n\t\t\t\t\t\t\t<div class=\"elementor-wrapper elementor-open-inline\">\n\t\t\t<div class=\"elementor-video\"><\/div>\t\t<\/div>\n\t\t\t\t\t\t<\/div>\n\t\t\t\t<\/div>\n\t\t\t\t\t<\/div>\n\t\t\t\t<\/div>\n\t\t\t\t<\/div>\n\t\t","protected":false},"excerpt":{"rendered":"<p>Das Beziehungsrad ist ein hilfreiches Werkzeug, um verschiedene zentrale Bereiche einer Partnerschaft zu reflektieren und zu bewerten. Oft nehmen wir bestimmte Aspekte einer Beziehung als selbstverst\u00e4ndlich hin oder sind uns nicht bewusst, wie stark sie unser Wohlbefinden und unsere Zufriedenheit beeinflussen. Durch das bewusste Reflektieren und Einordnen der verschiedenen Beziehungsbereiche auf einer Skala von 1&hellip; <a class=\"read-more\" href=\"https:\/\/www.therapie-online-und-vor-ort.de\/muenchen\/das-beziehungsrad-die-verschiedenen-beziehungsbereiche\/\" title=\"Read Das Beziehungsrad \u2013 die verschiedenen Beziehungsbereiche \u2013 Reflexionsfragen\">Read more &raquo;<\/a><\/p>\n","protected":false},"author":1,"featured_media":0,"parent":0,"menu_order":0,"comment_status":"closed","ping_status":"closed","template":"","meta":{"footnotes":""},"class_list":["post-3516","page","type-page","status-publish","hentry"],"acf":[],"yoast_head":"<!-- This site is optimized with the Yoast SEO plugin v27.1.1 - https:\/\/yoast.com\/product\/yoast-seo-wordpress\/ -->\n<title>Das Beziehungsrad \u2013 die verschiedenen Beziehungsbereiche<\/title>\n<meta name=\"description\" content=\"Erfahre, wie du durch das Beziehungsrad deine Partnerschaft in Bereichen wie Kommunikation, Vertrauen &amp; Intimit\u00e4t reflektieren &amp; verbessern kannst.\" \/>\n<meta name=\"robots\" content=\"index, follow, max-snippet:-1, max-image-preview:large, max-video-preview:-1\" \/>\n<link rel=\"canonical\" href=\"https:\/\/www.therapie-online-und-vor-ort.de\/muenchen\/das-beziehungsrad-die-verschiedenen-beziehungsbereiche\/\" \/>\n<meta property=\"og:locale\" content=\"de_DE\" \/>\n<meta property=\"og:type\" content=\"article\" \/>\n<meta property=\"og:title\" content=\"Das Beziehungsrad \u2013 die verschiedenen Beziehungsbereiche\" \/>\n<meta property=\"og:description\" content=\"Erfahre, wie du durch das Beziehungsrad deine Partnerschaft in Bereichen wie Kommunikation, Vertrauen &amp; Intimit\u00e4t reflektieren &amp; verbessern kannst.\" \/>\n<meta property=\"og:url\" content=\"https:\/\/www.therapie-online-und-vor-ort.de\/muenchen\/das-beziehungsrad-die-verschiedenen-beziehungsbereiche\/\" \/>\n<meta property=\"og:site_name\" content=\"Therapie Online und vor Ort - M\u00fcnchen\" \/>\n<meta property=\"article:modified_time\" content=\"2025-01-16T22:41:35+00:00\" \/>\n<meta property=\"og:image\" content=\"https:\/\/www.therapie-online-und-vor-ort.de\/muenchen\/wp-content\/uploads\/2024\/10\/beziehungsrad-die-verschiedenen-beziehungsbereiche.webp\" \/>\n\t<meta property=\"og:image:width\" content=\"1024\" \/>\n\t<meta property=\"og:image:height\" content=\"1024\" \/>\n\t<meta property=\"og:image:type\" content=\"image\/webp\" \/>\n<meta name=\"twitter:card\" content=\"summary_large_image\" \/>\n<meta name=\"twitter:label1\" content=\"Gesch\u00e4tzte Lesezeit\" \/>\n\t<meta name=\"twitter:data1\" content=\"5\u00a0Minuten\" \/>\n<script type=\"application\/ld+json\" class=\"yoast-schema-graph\">{\"@context\":\"https:\/\/schema.org\",\"@graph\":[{\"@type\":\"WebPage\",\"@id\":\"https:\/\/www.therapie-online-und-vor-ort.de\/muenchen\/das-beziehungsrad-die-verschiedenen-beziehungsbereiche\/\",\"url\":\"https:\/\/www.therapie-online-und-vor-ort.de\/muenchen\/das-beziehungsrad-die-verschiedenen-beziehungsbereiche\/\",\"name\":\"Das Beziehungsrad \u2013 die verschiedenen Beziehungsbereiche\",\"isPartOf\":{\"@id\":\"https:\/\/www.therapie-online-und-vor-ort.de\/muenchen\/#website\"},\"primaryImageOfPage\":{\"@id\":\"https:\/\/www.therapie-online-und-vor-ort.de\/muenchen\/das-beziehungsrad-die-verschiedenen-beziehungsbereiche\/#primaryimage\"},\"image\":{\"@id\":\"https:\/\/www.therapie-online-und-vor-ort.de\/muenchen\/das-beziehungsrad-die-verschiedenen-beziehungsbereiche\/#primaryimage\"},\"thumbnailUrl\":\"https:\/\/www.therapie-online-und-vor-ort.de\/muenchen\/wp-content\/uploads\/2024\/10\/beziehungsrad-die-verschiedenen-beziehungsbereiche.webp\",\"datePublished\":\"2024-10-17T05:12:25+00:00\",\"dateModified\":\"2025-01-16T22:41:35+00:00\",\"description\":\"Erfahre, wie du durch das Beziehungsrad deine Partnerschaft in Bereichen wie Kommunikation, Vertrauen & Intimit\u00e4t reflektieren & verbessern kannst.\",\"inLanguage\":\"de\",\"potentialAction\":[{\"@type\":\"ReadAction\",\"target\":[\"https:\/\/www.therapie-online-und-vor-ort.de\/muenchen\/das-beziehungsrad-die-verschiedenen-beziehungsbereiche\/\"]}]},{\"@type\":\"ImageObject\",\"inLanguage\":\"de\",\"@id\":\"https:\/\/www.therapie-online-und-vor-ort.de\/muenchen\/das-beziehungsrad-die-verschiedenen-beziehungsbereiche\/#primaryimage\",\"url\":\"https:\/\/www.therapie-online-und-vor-ort.de\/muenchen\/wp-content\/uploads\/2024\/10\/beziehungsrad-die-verschiedenen-beziehungsbereiche.webp\",\"contentUrl\":\"https:\/\/www.therapie-online-und-vor-ort.de\/muenchen\/wp-content\/uploads\/2024\/10\/beziehungsrad-die-verschiedenen-beziehungsbereiche.webp\",\"width\":1024,\"height\":1024,\"caption\":\"beziehungsrad-die-verschiedenen-beziehungsbereiche\"},{\"@type\":\"WebSite\",\"@id\":\"https:\/\/www.therapie-online-und-vor-ort.de\/muenchen\/#website\",\"url\":\"https:\/\/www.therapie-online-und-vor-ort.de\/muenchen\/\",\"name\":\"Therapie Online und vor Ort - M\u00fcnchen\",\"description\":\"\",\"potentialAction\":[{\"@type\":\"SearchAction\",\"target\":{\"@type\":\"EntryPoint\",\"urlTemplate\":\"https:\/\/www.therapie-online-und-vor-ort.de\/muenchen\/?s={search_term_string}\"},\"query-input\":{\"@type\":\"PropertyValueSpecification\",\"valueRequired\":true,\"valueName\":\"search_term_string\"}}],\"inLanguage\":\"de\"}]}<\/script>\n<!-- \/ Yoast SEO plugin. -->","yoast_head_json":{"title":"Das Beziehungsrad \u2013 die verschiedenen Beziehungsbereiche","description":"Erfahre, wie du durch das Beziehungsrad deine Partnerschaft in Bereichen wie Kommunikation, Vertrauen & Intimit\u00e4t reflektieren & verbessern kannst.","robots":{"index":"index","follow":"follow","max-snippet":"max-snippet:-1","max-image-preview":"max-image-preview:large","max-video-preview":"max-video-preview:-1"},"canonical":"https:\/\/www.therapie-online-und-vor-ort.de\/muenchen\/das-beziehungsrad-die-verschiedenen-beziehungsbereiche\/","og_locale":"de_DE","og_type":"article","og_title":"Das Beziehungsrad \u2013 die verschiedenen Beziehungsbereiche","og_description":"Erfahre, wie du durch das Beziehungsrad deine Partnerschaft in Bereichen wie Kommunikation, Vertrauen & Intimit\u00e4t reflektieren & verbessern kannst.","og_url":"https:\/\/www.therapie-online-und-vor-ort.de\/muenchen\/das-beziehungsrad-die-verschiedenen-beziehungsbereiche\/","og_site_name":"Therapie Online und vor Ort - M\u00fcnchen","article_modified_time":"2025-01-16T22:41:35+00:00","og_image":[{"width":1024,"height":1024,"url":"https:\/\/www.therapie-online-und-vor-ort.de\/muenchen\/wp-content\/uploads\/2024\/10\/beziehungsrad-die-verschiedenen-beziehungsbereiche.webp","type":"image\/webp"}],"twitter_card":"summary_large_image","twitter_misc":{"Gesch\u00e4tzte Lesezeit":"5\u00a0Minuten"},"schema":{"@context":"https:\/\/schema.org","@graph":[{"@type":"WebPage","@id":"https:\/\/www.therapie-online-und-vor-ort.de\/muenchen\/das-beziehungsrad-die-verschiedenen-beziehungsbereiche\/","url":"https:\/\/www.therapie-online-und-vor-ort.de\/muenchen\/das-beziehungsrad-die-verschiedenen-beziehungsbereiche\/","name":"Das Beziehungsrad \u2013 die verschiedenen Beziehungsbereiche","isPartOf":{"@id":"https:\/\/www.therapie-online-und-vor-ort.de\/muenchen\/#website"},"primaryImageOfPage":{"@id":"https:\/\/www.therapie-online-und-vor-ort.de\/muenchen\/das-beziehungsrad-die-verschiedenen-beziehungsbereiche\/#primaryimage"},"image":{"@id":"https:\/\/www.therapie-online-und-vor-ort.de\/muenchen\/das-beziehungsrad-die-verschiedenen-beziehungsbereiche\/#primaryimage"},"thumbnailUrl":"https:\/\/www.therapie-online-und-vor-ort.de\/muenchen\/wp-content\/uploads\/2024\/10\/beziehungsrad-die-verschiedenen-beziehungsbereiche.webp","datePublished":"2024-10-17T05:12:25+00:00","dateModified":"2025-01-16T22:41:35+00:00","description":"Erfahre, wie du durch das Beziehungsrad deine Partnerschaft in Bereichen wie Kommunikation, Vertrauen & Intimit\u00e4t reflektieren & verbessern kannst.","inLanguage":"de","potentialAction":[{"@type":"ReadAction","target":["https:\/\/www.therapie-online-und-vor-ort.de\/muenchen\/das-beziehungsrad-die-verschiedenen-beziehungsbereiche\/"]}]},{"@type":"ImageObject","inLanguage":"de","@id":"https:\/\/www.therapie-online-und-vor-ort.de\/muenchen\/das-beziehungsrad-die-verschiedenen-beziehungsbereiche\/#primaryimage","url":"https:\/\/www.therapie-online-und-vor-ort.de\/muenchen\/wp-content\/uploads\/2024\/10\/beziehungsrad-die-verschiedenen-beziehungsbereiche.webp","contentUrl":"https:\/\/www.therapie-online-und-vor-ort.de\/muenchen\/wp-content\/uploads\/2024\/10\/beziehungsrad-die-verschiedenen-beziehungsbereiche.webp","width":1024,"height":1024,"caption":"beziehungsrad-die-verschiedenen-beziehungsbereiche"},{"@type":"WebSite","@id":"https:\/\/www.therapie-online-und-vor-ort.de\/muenchen\/#website","url":"https:\/\/www.therapie-online-und-vor-ort.de\/muenchen\/","name":"Therapie Online und vor Ort - M\u00fcnchen","description":"","potentialAction":[{"@type":"SearchAction","target":{"@type":"EntryPoint","urlTemplate":"https:\/\/www.therapie-online-und-vor-ort.de\/muenchen\/?s={search_term_string}"},"query-input":{"@type":"PropertyValueSpecification","valueRequired":true,"valueName":"search_term_string"}}],"inLanguage":"de"}]}},"_links":{"self":[{"href":"https:\/\/www.therapie-online-und-vor-ort.de\/muenchen\/wp-json\/wp\/v2\/pages\/3516","targetHints":{"allow":["GET"]}}],"collection":[{"href":"https:\/\/www.therapie-online-und-vor-ort.de\/muenchen\/wp-json\/wp\/v2\/pages"}],"about":[{"href":"https:\/\/www.therapie-online-und-vor-ort.de\/muenchen\/wp-json\/wp\/v2\/types\/page"}],"author":[{"embeddable":true,"href":"https:\/\/www.therapie-online-und-vor-ort.de\/muenchen\/wp-json\/wp\/v2\/users\/1"}],"replies":[{"embeddable":true,"href":"https:\/\/www.therapie-online-und-vor-ort.de\/muenchen\/wp-json\/wp\/v2\/comments?post=3516"}],"version-history":[{"count":10,"href":"https:\/\/www.therapie-online-und-vor-ort.de\/muenchen\/wp-json\/wp\/v2\/pages\/3516\/revisions"}],"predecessor-version":[{"id":4084,"href":"https:\/\/www.therapie-online-und-vor-ort.de\/muenchen\/wp-json\/wp\/v2\/pages\/3516\/revisions\/4084"}],"wp:attachment":[{"href":"https:\/\/www.therapie-online-und-vor-ort.de\/muenchen\/wp-json\/wp\/v2\/media?parent=3516"}],"curies":[{"name":"wp","href":"https:\/\/api.w.org\/{rel}","templated":true}]}}